{"id":1868,"date":"2022-05-20T12:51:10","date_gmt":"2022-05-20T10:51:10","guid":{"rendered":"https:\/\/www.brenne-au-coeur.com\/?page_id=1868"},"modified":"2022-05-20T12:57:07","modified_gmt":"2022-05-20T10:57:07","slug":"clion-sur-indre","status":"publish","type":"page","link":"https:\/\/www.brenne-au-coeur.com\/index.php\/clion-sur-indre\/","title":{"rendered":"Clion-sur-Indre"},"content":{"rendered":"<p><!-- Widget Shortcode --><div id=\"block-4\" class=\"widget widget_block widget-shortcode area-arbitrary \"><h3> <\/h3><\/div><!-- \/Widget Shortcode --><br \/>\n<!-- Widget Shortcode --><div id=\"rpwe_widget-25\" class=\"widget rpwe_widget recent-posts-extended widget-shortcode area-arbitrary \"><style>.rpwe-block ul{\r\nlist-style: none !important;\r\nmargin-left: 0 !important;\r\npadding-left: 0 !important;\r\n}\r\n\r\n.rpwe-block li{\r\nborder-bottom: 1px solid #eee;\r\nmargin-bottom: 10px;\r\npadding-bottom: 10px;\r\nlist-style-type: none;\r\n}\r\n\r\n.rpwe-block a{\r\ndisplay: inline !important;\r\ntext-decoration: none;\r\n}\r\n\r\n.rpwe-block h2{\r\nbackground: none !important;\r\nclear: none;\r\nmargin-bottom: 0 !important;\r\nmargin-top: 0 !important;\r\nfont-weight: 200;\r\nfont-size: 12px !important;\r\nline-height: 1.5em;\r\n}\r\n\r\n.rpwe-thumb{\r\nborder: 1px solid #eee !important;\r\nbox-shadow: none !important;\r\nmargin: 2px 10px 2px 0;\r\npadding: 3px !important;\r\n}\r\n\r\n.rpwe-summary{\r\nfont-size: 16px;\r\n}\r\n\r\n.rpwe-time{\r\ncolor: #bbb;\r\nfont-size: 12px;\r\n}\r\n\r\n.rpwe-comment{\r\ncolor: #bbb;\r\nfont-size: 16px;\r\npadding-left: 5px;\r\n}\r\n\r\n.rpwe-alignleft{\r\ndisplay: inline;\r\nfloat: left;\r\n}\r\n\r\n.rpwe-alignright{\r\ndisplay: inline;\r\nfloat: right;\r\n}\r\n\r\n.rpwe-aligncenter{\r\ndisplay: block;\r\nmargin-left: auto;\r\nmargin-right: auto;\r\n}\r\n\r\n.rpwe-clearfix:before,\r\n.rpwe-clearfix:after{\r\ncontent: &quot;&quot;;\r\ndisplay: table !important;\r\n}\r\n\r\n.rpwe-clearfix:after{\r\nclear: both;\r\n}\r\n\r\n.rpwe-clearfix{\r\nzoom: 1;\r\n}\r\n<\/style><h2 class=\"widgettitle\">Clion-sur-Indre<\/h2><div  class=\"rpwe-block\"><ul class=\"rpwe-ul\"><li class=\"rpwe-li rpwe-clearfix\"><a class=\"rpwe-img\" href=\"https:\/\/www.brenne-au-coeur.com\/index.php\/2025\/10\/03\/marie-coutant-chanter-esperer\/clion-sur-indre\/7067\/\" target=\"_self\"><img class=\"rpwe-alignleft rpwe-thumb\" src=\"https:\/\/www.brenne-au-coeur.com\/wp-content\/uploads\/2025\/10\/m.coutant-120x120.jpeg\" alt=\"Marie Coutant\u00a0: le chant de l&rsquo;espoir\" height=\"120\" width=\"120\" loading=\"lazy\" decoding=\"async\"><\/a><h3 class=\"rpwe-title\"><a href=\"https:\/\/www.brenne-au-coeur.com\/index.php\/2025\/10\/03\/marie-coutant-chanter-esperer\/clion-sur-indre\/7067\/\" target=\"_self\">Marie Coutant\u00a0: le chant de l&rsquo;espoir<\/a><\/h3><time class=\"rpwe-time published\" datetime=\"2025-10-03T16:33:35+02:00\">3 octobre 2025<\/time><div class=\"rpwe-summary\">Le 20 juin dernier, Marie Coutant chantait \u00e0 Saint-Michel-en-Brenne, \u00e0 l\u2019occasion du 40\u00e8me anniversaire de la R\u00e9serve de Ch\u00e9rine. Une pr\u00e9sence logique pour cette chanteuse attach\u00e9e au respect de la nature et au bien \u00eatre de la vie \u00e0 la campagne. Son tour de chant \u00e9tait compos\u00e9, pour une tr\u00e8s &hellip;<a href=\"https:\/\/www.brenne-au-coeur.com\/index.php\/2025\/10\/03\/marie-coutant-chanter-esperer\/clion-sur-indre\/7067\/\" class=\"more-link\">Lire la suite...<\/a><\/div><\/li><li class=\"rpwe-li rpwe-clearfix\"><a class=\"rpwe-img\" href=\"https:\/\/www.brenne-au-coeur.com\/index.php\/2023\/08\/26\/eco-festival-a-clion\/clion-sur-indre\/4772\/\" target=\"_self\"><img class=\"rpwe-alignleft rpwe-thumb\" src=\"https:\/\/www.brenne-au-coeur.com\/wp-content\/uploads\/2023\/08\/affiche-ecofestival.resized-120x120.jpg\" alt=\"Eco festival \u00e0 Clion\" height=\"120\" width=\"120\" loading=\"lazy\" decoding=\"async\"><\/a><h3 class=\"rpwe-title\"><a href=\"https:\/\/www.brenne-au-coeur.com\/index.php\/2023\/08\/26\/eco-festival-a-clion\/clion-sur-indre\/4772\/\" target=\"_self\">Eco festival \u00e0 Clion<\/a><\/h3><time class=\"rpwe-time published\" datetime=\"2023-08-26T12:57:37+02:00\">26 ao\u00fbt 2023<\/time><div class=\"rpwe-summary\">\u00ab\u00a0Le panier fermier 36\u00a0\u00bb, organisateur de l\u2019\u00e9co festival, donne rendez-vous dimanche 3 septembre \u00e0 partir de 9h au champ de foire de Clion. Tout au long de la journ\u00e9e de multiples activit\u00e9s seront propos\u00e9es. Des ateliers\u00a0: Tournage sur bois\u00a0; fabrication d\u2019h\u00f4tels \u00e0 insectes\u00a0; fabrication de boules \u00e0 graines\u00a0; fabrication de &hellip;<a href=\"https:\/\/www.brenne-au-coeur.com\/index.php\/2023\/08\/26\/eco-festival-a-clion\/clion-sur-indre\/4772\/\" class=\"more-link\">Lire la suite...<\/a><\/div><\/li><li class=\"rpwe-li rpwe-clearfix\"><a class=\"rpwe-img\" href=\"https:\/\/www.brenne-au-coeur.com\/index.php\/2022\/08\/23\/tartine-partie-a-clion\/evenements\/2279\/\" target=\"_self\"><img class=\"rpwe-alignleft rpwe-thumb\" src=\"https:\/\/www.brenne-au-coeur.com\/wp-content\/uploads\/2022\/08\/clion.resized-120x120.jpg\" alt=\"Tartine-partie \u00e0 Clion\" height=\"120\" width=\"120\" loading=\"lazy\" decoding=\"async\"><\/a><h3 class=\"rpwe-title\"><a href=\"https:\/\/www.brenne-au-coeur.com\/index.php\/2022\/08\/23\/tartine-partie-a-clion\/evenements\/2279\/\" target=\"_self\">Tartine-partie \u00e0 Clion<\/a><\/h3><time class=\"rpwe-time published\" datetime=\"2022-08-23T13:04:31+02:00\">23 ao\u00fbt 2022<\/time><div class=\"rpwe-summary\">Samedi 3 septembre, l\u2019association \u00ab\u00a0Le panier fermier 36&nbsp;\u00bb organise sa Tartine-partie dans la salle des f\u00eates de Clion-sur-Indre. La soir\u00e9e d\u00e9butera \u00e0\u00a0 18h15, par la projection du film \u00ab&nbsp;La protection de la nature est-elle en \u00e9chec&nbsp;?&nbsp;\u00bb Ce court-m\u00e9trage est r\u00e9alis\u00e9 par la cha\u00eene youtube \u00ab\u00a0Partager c\u2019est sympa\u00a0\u00bb Les spectateurs pourront &hellip;<a href=\"https:\/\/www.brenne-au-coeur.com\/index.php\/2022\/08\/23\/tartine-partie-a-clion\/evenements\/2279\/\" class=\"more-link\">Lire la suite...<\/a><\/div><\/li><li class=\"rpwe-li rpwe-clearfix\"><a class=\"rpwe-img\" href=\"https:\/\/www.brenne-au-coeur.com\/index.php\/2022\/05\/09\/poesie-musique-et-chant-pres-de-chez-nous\/fongombault\/1542\/\" target=\"_self\"><img class=\"rpwe-alignleft rpwe-thumb\" src=\"https:\/\/www.brenne-au-coeur.com\/wp-content\/uploads\/2022\/05\/marie-coutant-120x120.jpg\" alt=\"Po\u00e9sie, musique et chant pr\u00e8s de chez nous\" height=\"120\" width=\"120\" loading=\"lazy\" decoding=\"async\"><\/a><h3 class=\"rpwe-title\"><a href=\"https:\/\/www.brenne-au-coeur.com\/index.php\/2022\/05\/09\/poesie-musique-et-chant-pres-de-chez-nous\/fongombault\/1542\/\" target=\"_self\">Po\u00e9sie, musique et chant pr\u00e8s de chez nous<\/a><\/h3><time class=\"rpwe-time published\" datetime=\"2022-05-09T21:57:19+02:00\">9 mai 2022<\/time><div class=\"rpwe-summary\">Deux spectacles sont propos\u00e9s prochainement. Remy Troadec \u00e0 Fontgombault, le samedi 14 mai et Marie Coutant, le dimanche 12 juin \u00e0 Clion-sur-Indre. Au programme l\u2019amour des mots et une certaine id\u00e9e du r\u00f4le des artistes. &nbsp; \u00ab&nbsp;La po\u00e9sie est une clameur. Elle doit \u00eatre entendue comme la musique. Toute po\u00e9sie &hellip;<a href=\"https:\/\/www.brenne-au-coeur.com\/index.php\/2022\/05\/09\/poesie-musique-et-chant-pres-de-chez-nous\/fongombault\/1542\/\" class=\"more-link\">Lire la suite...<\/a><\/div><\/li><\/ul><\/div><!-- Generated by http:\/\/wordpress.org\/plugins\/recent-posts-widget-extended\/ --><\/div><!-- \/Widget Shortcode --><\/p>\n","protected":false},"excerpt":{"rendered":"","protected":false},"author":1,"featured_media":0,"parent":0,"menu_order":0,"comment_status":"closed","ping_status":"closed","template":"","meta":{"rop_custom_images_group":[],"rop_custom_messages_group":[],"rop_publish_now":"initial","rop_publish_now_accounts":[],"rop_publish_now_history":[],"rop_publish_now_status":"pending","_monsterinsights_skip_tracking":false,"_monsterinsights_sitenote_active":false,"_monsterinsights_sitenote_note":"","_monsterinsights_sitenote_category":0,"neve_meta_sidebar":"","neve_meta_container":"","neve_meta_enable_content_width":"off","neve_meta_content_width":100,"neve_meta_title_alignment":"","neve_meta_author_avatar":"","neve_post_elements_order":"","neve_meta_disable_header":"","neve_meta_disable_footer":"","neve_meta_disable_title":"","footnotes":""},"class_list":["post-1868","page","type-page","status-publish","hentry"],"aioseo_notices":[],"jetpack-related-posts":[],"jetpack_sharing_enabled":true,"_links":{"self":[{"href":"https:\/\/www.brenne-au-coeur.com\/index.php\/wp-json\/wp\/v2\/pages\/1868","targetHints":{"allow":["GET"]}}],"collection":[{"href":"https:\/\/www.brenne-au-coeur.com\/index.php\/wp-json\/wp\/v2\/pages"}],"about":[{"href":"https:\/\/www.brenne-au-coeur.com\/index.php\/wp-json\/wp\/v2\/types\/page"}],"author":[{"embeddable":true,"href":"https:\/\/www.brenne-au-coeur.com\/index.php\/wp-json\/wp\/v2\/users\/1"}],"replies":[{"embeddable":true,"href":"https:\/\/www.brenne-au-coeur.com\/index.php\/wp-json\/wp\/v2\/comments?post=1868"}],"version-history":[{"count":4,"href":"https:\/\/www.brenne-au-coeur.com\/index.php\/wp-json\/wp\/v2\/pages\/1868\/revisions"}],"predecessor-version":[{"id":1875,"href":"https:\/\/www.brenne-au-coeur.com\/index.php\/wp-json\/wp\/v2\/pages\/1868\/revisions\/1875"}],"wp:attachment":[{"href":"https:\/\/www.brenne-au-coeur.com\/index.php\/wp-json\/wp\/v2\/media?parent=1868"}],"curies":[{"name":"wp","href":"https:\/\/api.w.org\/{rel}","templated":true}]}}

<p><!-- Widget Shortcode --><div id="block-4" class="widget widget_block widget-shortcode area-arbitrary "><h3> </h3></div><!-- /Widget Shortcode --><br />
<!-- Widget Shortcode --><div id="rpwe_widget-25" class="widget rpwe_widget recent-posts-extended widget-shortcode area-arbitrary "><style>.rpwe-block ul{
list-style: none !important;
margin-left: 0 !important;
padding-left: 0 !important;
}

.rpwe-block li{
border-bottom: 1px solid #eee;
margin-bottom: 10px;
padding-bottom: 10px;
list-style-type: none;
}

.rpwe-block a{
display: inline !important;
text-decoration: none;
}

.rpwe-block h2{
background: none !important;
clear: none;
margin-bottom: 0 !important;
margin-top: 0 !important;
font-weight: 200;
font-size: 12px !important;
line-height: 1.5em;
}

.rpwe-thumb{
border: 1px solid #eee !important;
box-shadow: none !important;
margin: 2px 10px 2px 0;
padding: 3px !important;
}

.rpwe-summary{
font-size: 16px;
}

.rpwe-time{
color: #bbb;
font-size: 12px;
}

.rpwe-comment{
color: #bbb;
font-size: 16px;
padding-left: 5px;
}

.rpwe-alignleft{
display: inline;
float: left;
}

.rpwe-alignright{
display: inline;
float: right;
}

.rpwe-aligncenter{
display: block;
margin-left: auto;
margin-right: auto;
}

.rpwe-clearfix:before,
.rpwe-clearfix:after{
content: &quot;&quot;;
display: table !important;
}

.rpwe-clearfix:after{
clear: both;
}

.rpwe-clearfix{
zoom: 1;
}
</style><h2 class="widgettitle">Clion-sur-Indre</h2><div  class="rpwe-block"><ul class="rpwe-ul"><li class="rpwe-li rpwe-clearfix"><a class="rpwe-img" href="https://www.brenne-au-coeur.com/index.php/2025/10/03/marie-coutant-chanter-esperer/clion-sur-indre/7067/" target="_self"><img class="rpwe-alignleft rpwe-thumb" src="https://www.brenne-au-coeur.com/wp-content/uploads/2025/10/m.coutant-120x120.jpeg" alt="Marie Coutant : le chant de l&rsquo;espoir" height="120" width="120" loading="lazy" decoding="async"></a><h3 class="rpwe-title"><a href="https://www.brenne-au-coeur.com/index.php/2025/10/03/marie-coutant-chanter-esperer/clion-sur-indre/7067/" target="_self">Marie Coutant : le chant de l&rsquo;espoir</a></h3><time class="rpwe-time published" datetime="2025-10-03T16:33:35+02:00">3 octobre 2025</time><div class="rpwe-summary">Le 20 juin dernier, Marie Coutant chantait à Saint-Michel-en-Brenne, à l’occasion du 40ème anniversaire de la Réserve de Chérine. Une présence logique pour cette chanteuse attachée au respect de la nature et au bien être de la vie à la campagne. Son tour de chant était composé, pour une très &hellip;<a href="https://www.brenne-au-coeur.com/index.php/2025/10/03/marie-coutant-chanter-esperer/clion-sur-indre/7067/" class="more-link">Lire la suite...</a></div></li><li class="rpwe-li rpwe-clearfix"><a class="rpwe-img" href="https://www.brenne-au-coeur.com/index.php/2023/08/26/eco-festival-a-clion/clion-sur-indre/4772/" target="_self"><img class="rpwe-alignleft rpwe-thumb" src="https://www.brenne-au-coeur.com/wp-content/uploads/2023/08/affiche-ecofestival.resized-120x120.jpg" alt="Eco festival à Clion" height="120" width="120" loading="lazy" decoding="async"></a><h3 class="rpwe-title"><a href="https://www.brenne-au-coeur.com/index.php/2023/08/26/eco-festival-a-clion/clion-sur-indre/4772/" target="_self">Eco festival à Clion</a></h3><time class="rpwe-time published" datetime="2023-08-26T12:57:37+02:00">26 août 2023</time><div class="rpwe-summary">« Le panier fermier 36 », organisateur de l’éco festival, donne rendez-vous dimanche 3 septembre à partir de 9h au champ de foire de Clion. Tout au long de la journée de multiples activités seront proposées. Des ateliers : Tournage sur bois ; fabrication d’hôtels à insectes ; fabrication de boules à graines ; fabrication de &hellip;<a href="https://www.brenne-au-coeur.com/index.php/2023/08/26/eco-festival-a-clion/clion-sur-indre/4772/" class="more-link">Lire la suite...</a></div></li><li class="rpwe-li rpwe-clearfix"><a class="rpwe-img" href="https://www.brenne-au-coeur.com/index.php/2022/08/23/tartine-partie-a-clion/evenements/2279/" target="_self"><img class="rpwe-alignleft rpwe-thumb" src="https://www.brenne-au-coeur.com/wp-content/uploads/2022/08/clion.resized-120x120.jpg" alt="Tartine-partie à Clion" height="120" width="120" loading="lazy" decoding="async"></a><h3 class="rpwe-title"><a href="https://www.brenne-au-coeur.com/index.php/2022/08/23/tartine-partie-a-clion/evenements/2279/" target="_self">Tartine-partie à Clion</a></h3><time class="rpwe-time published" datetime="2022-08-23T13:04:31+02:00">23 août 2022</time><div class="rpwe-summary">Samedi 3 septembre, l’association « Le panier fermier 36&nbsp;» organise sa Tartine-partie dans la salle des fêtes de Clion-sur-Indre. La soirée débutera à  18h15, par la projection du film «&nbsp;La protection de la nature est-elle en échec&nbsp;?&nbsp;» Ce court-métrage est réalisé par la chaîne youtube « Partager c’est sympa » Les spectateurs pourront &hellip;<a href="https://www.brenne-au-coeur.com/index.php/2022/08/23/tartine-partie-a-clion/evenements/2279/" class="more-link">Lire la suite...</a></div></li><li class="rpwe-li rpwe-clearfix"><a class="rpwe-img" href="https://www.brenne-au-coeur.com/index.php/2022/05/09/poesie-musique-et-chant-pres-de-chez-nous/fongombault/1542/" target="_self"><img class="rpwe-alignleft rpwe-thumb" src="https://www.brenne-au-coeur.com/wp-content/uploads/2022/05/marie-coutant-120x120.jpg" alt="Poésie, musique et chant près de chez nous" height="120" width="120" loading="lazy" decoding="async"></a><h3 class="rpwe-title"><a href="https://www.brenne-au-coeur.com/index.php/2022/05/09/poesie-musique-et-chant-pres-de-chez-nous/fongombault/1542/" target="_self">Poésie, musique et chant près de chez nous</a></h3><time class="rpwe-time published" datetime="2022-05-09T21:57:19+02:00">9 mai 2022</time><div class="rpwe-summary">Deux spectacles sont proposés prochainement. Remy Troadec à Fontgombault, le samedi 14 mai et Marie Coutant, le dimanche 12 juin à Clion-sur-Indre. Au programme l’amour des mots et une certaine idée du rôle des artistes. &nbsp; «&nbsp;La poésie est une clameur. Elle doit être entendue comme la musique. Toute poésie &hellip;<a href="https://www.brenne-au-coeur.com/index.php/2022/05/09/poesie-musique-et-chant-pres-de-chez-nous/fongombault/1542/" class="more-link">Lire la suite...</a></div></li></ul></div><!-- Generated by http://wordpress.org/plugins/recent-posts-widget-extended/ --></div><!-- /Widget Shortcode --></p>
